 + 4*c. Let n = d + 111. What is the remainder when 120 is divided by n?
15
Let i be (-30)/(-40) - -1*(-13)/(-4). Let t(m) = -3*m**2 - 4*m - 1. Let g be t(i). Let x = 73 + g. What is the remainder when 37 is divided by x?
5
Let s(a) = -a**3 - 20*a**2 - 6*a - 70. Let g be s(-20). What is the remainder when (18/(-45))/((-2)/g) is divided by 2?
0
Let n = 47 - 22. Suppose -3*c = -k - 202, -4*k = -8*c + 5*c + 187. Calculate the remainder when c is divided by n.
19
Let d(j) = 1509*j**2 + 48*j + 150. Calculate the remainder when d(-4) is divided by 23.
21
Suppose -3*t = -3*a - 138, a + 19 = 5*t - 227. Calculate the remainder when (-3 + 301)/2 - 2 is divided by t.
47
Let m = 16572 + -12497. What is the remainder when m is divided by 2034?
7
Let s = 72 - 59. What is the remainder when ((-258)/9)/((-14)/21) + 2 is divided by s?
6
Let x = -494 + 503. Suppose -3*n - 10 = -2*i - x, 0 = 2*n - 2*i + 4. What is the remainder when 82 is divided by n?
1
Suppose 4*m = 17 + 227. Suppose -f - 5*d = 9 - 138, -438 = -3*f + 2*d. Suppose -f = -4*p - 80. What is the remainder when m is divided by p?
13
Suppose 3*q - 219 = -66. Suppose v + v = 5*i + q, -i = 2*v - 33. Calculate the remainder when v is divided by (2 - (-5)/(-3))*21.
4
Suppose -84 = -14*s + 2*s. Let b be -3 + 1 + 10*(-9)/(-6). Suppose b = 8*a - 11. What is the remainder when s is divided by a?
1
Let b = -13 - -19. Suppose 3*a + 3*o = -147, o = 3*a - 2*o + 153. Calculate the remainder when b is divided by 20/90 + a/(-18).
0
Suppose 52*i - 49*i = -9. What is the remainder when 139 is divided by -1*i/9*-3 + 14?
9
Suppose -104 = 7*k - 727 + 35. Calculate the remainder when 2351 is divided by k.
83
Calculate the remainder when 1163 is divided by (-2560)/(-60)*6*(-1)/(-8).
11
Suppose -2*l + 0*x = x - 4, 5*l + 3*x - 8 = 0. Suppose 60 = -27*h - 21. What is the remainder when ((-9)/27)/(h/108) is divided by l?
0
Let f(l) = -11*l + 17. Suppose -3*u - 25 = -x, 0*u - 6 = u + 2*x. Suppose 2*g + 30 = w - 5, 4*w + g - 104 = 0. What is the remainder when f(u) is divided by w?
24
Suppose -2*m + 10 + 22 = 5*i, 3*i - 15 = 3*m. Let a be 22 - 12/24*(-4)/1. Calculate the remainder when a/60 + 7/(-5) + 17 is divided by i.
4
Let z = -383 - -421. What is the remainder when 52 is divided by z?
14
Let t(q) = -q**2 + q + 123. What is the remainder when t(0) is divided by ((-13)/39)/(7/(-693))?
24
What is the remainder when (-337 - -25)/((-1)/(4/16*2)) is divided by 17/6 + (-4)/(-24)?
0
Let q(d) = 4*d**3 + 10*d**2 - 19*d + 9. Let c be q(4). Let u = 374 - c. What is the remainder when 72 is divided by u?
22
Suppose -4*t - 12 = 4*k, -3*t - 5*k - 4 = 15. Suppose t*m - 4 = 66. Calculate the remainder when m is divided by 18.
17
Let k = -34 - -39. Suppose -k*d + 2*h + h - 245 = 0, 3*d + 136 = 4*h. Let g = -37 - d. Calculate the remainder when g is divided by 4.
3
Suppose -3619 = -58*n - 20*n + 31*n. Suppose -2*f = -y - 0*f + 43, 113 = 3*y + 2*f. Calculate the remainder when n is divided by y.
38
Let f be (-192)/12*1/(-2). Suppose f*k + 549 + 427 = 0. Let i = k + 134. Calculate the remainder when 33 is divided by i.
9
Let g be (-10)/5 - (20 + 1). Let z be (g + -5)/(-1) + -1. Suppose 385 = 32*v - z*v. What is the remainder when v is divided by 16?
13
Suppose 4*k + 2*w = 5770, 0 = 5*k + 34*w - 38*w - 7193. Suppose 0 = g - 2*c - 480, 3*g - 25*c + 20*c - k = 0. Calculate the remainder when g is divided by 69.
68
Let u = -555 + 570. What is the remainder when u is divided by 8?
7
Suppose -135 = 3*q - 48. Let c = q + 537. Calculate the remainder when c is divided by 32.
28
Suppose i = 2*n - 2*i - 196, -3*n - 4*i + 260 = 0. Let f = n - 91. Calculate the remainder when 8 is divided by f.
0
Suppose -269*l + 60 = -259*l. What is the remainder when 556 is divided by l?
4
Calculate the remainder when 2479 is divided by ((-245)/105)/(14/(-438)).
70
Let a be (220/(-12))/(-5)*12. Suppose 39*p = a*p - 25. Calculate the remainder when (1 + 8/(-5))*-10 is divided by p.
1
Suppose l - 3 = -b + 11, 0 = 3*l - 5*b - 42. Suppose -l*x - 360 = -19*x. What is the remainder when x is divided by 15?
12
Let g be 8256/9 + (4/(-12) - 0). Suppose t - 1306 = -o + g, t = 5*o - 11133. Suppose 0 = -7*c + 21*c - o. What is the remainder when c is divided by 20?
19
Let j = -409 + 400. Calculate the remainder when (-93)/(-5) + 12/(-20) is divided by (138/j + 14)/(2/(-9)).
0
Suppose 6*y = 55*y - 31*y - 13896. Calculate the remainder when 772 is divided by y.
0
Let y = -46 - -48. Let q(g) = -g**3 + 5*g**2 + 11*g - 4. Calculate the remainder when 15/((-129)/(-60) - y) is divided by q(6).
22
Suppose -2*j = -3*v - 34, 5*j - 35 = 53*v - 58*v. Let r(p) = -6*p + 12*p**2 - p**3 + 0 + 7 - 1. Calculate the remainder when r(j) is divided by 32.
29
Let c = 107 + -107. Suppose -7*b + 37 + 5 = c. Suppose -9*t + b*t = -48. Calculate the remainder when 60 is divided by t.
12
Suppose p = -31 + 25, -2*p - 3903 = -3*j. Calculate the remainder when j is divided by 40.
17
Suppose 2666 = 383*s + 368. Calculate the remainder when 1688 is divided by s.
2
Let k(g) = -5*g + 89. Let p be k(17). Suppose -5*f + p*h + 34 = -0*h, -2*h = 4*f - 48. What is the remainder when 67 is divided by f?
7
Suppose w = -z + 431 - 336, -2*z = -4. Calculate the remainder when 508 is divided by w.
43
Suppose -2*g = -5*l + 773 - 599, -2*l = -5*g - 57. What is the remainder when 516 is divided by l?
12
Suppose 0 = 2*g - t - 11, -2*g - 4*t - 17 + 3 = 0. Let f(c) = -35*c - 40*c + 3 + c**2 + c**2 - 34*c + 104*c. What is the remainder when f(g) is divided by 4?
2
Calculate the remainder when 572 is divided by ((-90)/9 - -17)/1.
5
Suppose -5*r + 3*n + 3855 = 0, -n + 3835 = -4*r + 9*r. What is the remainder when 784 is divided by r?
16
Let n(z) = 9*z**2 + 71*z - 28. What is the remainder when 323 is divided by n(-9)?
13
Let d = -442 - -467. Suppose 729 = d*a + 29. Calculate the remainder when a is divided by 16.
12
Suppose 3*w - 96 = 30. Let l = 847 + -233. Suppose 5*v + f - l = 3*f, -375 = -3*v - f. What is the remainder when v is divided by w?
40
Let c(s) = -s**2 + 9*s + 21. Let h = -9 - -9. Suppose h = -27*x + 26*x + 40. What is the remainder when x is divided by c(9)?
19
Suppose -3*h + 10 + 17 = 0. What is the remainder when (-2576)/(-24) - ((-60)/(-18))/(-2) is divided by h?
1
Let v = -230 - -465. Let c(h) = -h**3 - 12*h**2 - 5*h + 1. Calculate the remainder when v is divided by c(-12).
52
Calculate the remainder when (-321561)/(-111) - (-116)/2146 is divided by 13.
11
Suppose 32*d + 29*d - 28182 = 0. Calculate the remainder when d is divided by 229.
4
Suppose -4*o - 5*j = -3, -39*o + 40*o - 1 = -j. Let h(g) = -g**3 - 4*g**2 - 4*g - 1. Suppose 4*m = 5*m + 3. Calculate the remainder when h(m) is divided by o.
0
Let l = -8017 - -8851. Calculate the remainder when l is divided by 22.
20
Suppose -7*x = -2085 - 20973. Suppose -108*t + 90*t = -x. Calculate the remainder when t is divided by 21.
15
Let r(g) = g**3 - 18*g**2 + 32*g - 128. What is the remainder when r(21) is divided by 619?
10
Let j(k) = 149*k - 271. Suppose 5*a = -4*l + 11, 0*l = 5*l - a - 50. Calculate the remainder when j(2) is divided by l.
0
Let i(n) = 4*n**2 - n**3 + 1 + 4*n**2 + 0*n**2 - 3 - 5*n - 5. Let w be 6/(6/2) - -5. What is the remainder when 13 is divided by i(w)?
6
Let t(d) = d**2 - 9*d - 27. Suppose -592 = 16*k - 8096. Calculate the remainder when k is divided by t(14).
39
Let p = 3039 + -939. Suppose p = 21*n + 9*n. What is the remainder when n is divided by 8?
6
Let p = 227 + -221. Suppose 300 = 5*l + 3*q, l + 5*q - 52 = p*q. Calculate the remainder when l is divided by 28.
1
Let w(h) = -h + 11. Let c = -13 + 12. What is the remainder when ((-15)/6)/c*56/10 is divided by w(6)?
4
Suppose -30127 = -180*b + 10733. What is the remainder when b is divided by 95?
37
Suppose -1931 = -49*j - 162 + 583. Let k(b) = -b**3 - 6*b**2 - 4*b + 7. Let w be k(-5). What is the remainder when w/9 + 5140/36 is divided by j?
47
Suppose -626 - 454 = -40*f. Suppose 0 = 5*o - b - 585, 3*o - 491 + 140 = 4*b. Let j = 224 - o. What is the remainder when j is divided by f?
26
Let u(c) = 181*c + 1267. What is the remainder when 190 is divided by u(-6)?
9
Suppose -4*v + 582 = f, -365*f = -370*f + 2*v + 2932. What is the remainder when f is divided by 12?
10
Let k be (-10)/(-35) 